st common divisor of 671 and 2623?
61
What is the greatest common divisor of 88 and 120?
8
Calculate the greatest common factor of 3 and 23.
1
What is the highest common divisor of 1034 and 242?
22
Calculate the highest common divisor of 42 and 14658.
42
Calculate the highest common divisor of 355 and 125.
5
What is the highest common factor of 1 and 163?
1
What is the highest common factor of 96 and 96?
96
What is the greatest common divisor of 150 and 25750?
50
Calculate the greatest common divisor of 22 and 121.
11
What is the highest common divisor of 124 and 7874?
62
Calculate the highest common divisor of 524 and 20.
4
Calculate the highest common factor of 106 and 4.
2
What is the greatest common factor of 205 and 123?
41
What is the greatest common factor of 30 and 17505?
15
What is the highest common factor of 46 and 1219?
23
What is the highest common divisor of 7329 and 21?
21
What is the highest common divisor of 72 and 232?
8
Calculate the highest common factor of 3074 and 212.
106
Calculate the highest common divisor of 36 and 48.
12
Calculate the highest common factor of 2 and 259.
1
Calculate the highest common factor of 609 and 63.
21
What is the highest common factor of 79 and 8?
1
What is the greatest common divisor of 57 and 703?
19
Calculate the greatest common divisor of 121 and 55.
11
Calculate the greatest common divisor of 33 and 4026.
33
What is the highest common factor of 11603 and 82?
41
What is the highest common factor of 363 and 110?
11
Calculate the greatest common factor of 16 and 304.
16
Calculate the highest common factor of 6273 and 123.
123
Calculate the greatest common factor of 3124 and 44.
44
Calculate the highest common factor of 440 and 60.
20
Calculate the highest common factor of 31 and 3627.
31
Calculate the greatest common factor of 184 and 138.
46
What is the greatest common factor of 3033 and 9?
9
What is the highest common factor of 6584 and 4?
4
Calculate the greatest common factor of 7742 and 7.
7
What is the greatest common factor of 336 and 308?
28
Calculate the highest common factor of 11 and 33.
11
What is the highest common factor of 4 and 2092?
4
Calculate the highest common divisor of 948 and 96.
12
Calculate the greatest common factor of 15 and 6645.
15
Calculate the greatest common factor of 20956 and 496.
124
What is the highest common factor of 23 and 184?
23
Calculate the highest common divisor of 60 and 2.
2
What is the highest common divisor of 1012 and 828?
92
What is the greatest common divisor of 77 and 539?
77
Calculate the greatest common divisor of 1480 and 32.
8
What is the greatest common factor of 30 and 15?
15
Calculate the greatest common factor of 496 and 341.
31
What is the greatest common factor of 2313 and 18?
9
Calculate the highest common divisor of 584 and 8.
8
Calculate the highest common divisor of 24 and 1500.
12
Calculate the greatest common factor of 371 and 21.
7
What is the greatest common factor of 160 and 2730?
10
What is the highest common factor of 486 and 36?
18
What is the greatest common factor of 16 and 184?
8
Calculate the highest common factor of 2156 and 33.
11
What is the greatest common divisor of 256 and 16?
16
Calculate the greatest common factor of 32 and 224.
32
Calculate the greatest common divisor of 44 and 55.
11
What is the greatest common factor of 205 and 23165?
205
What is the greatest common factor of 649 and 59?
59
Calculate the greatest common divisor of 44 and 2673.
11
Calculate the greatest common divisor of 48 and 3.
3
Calculate the highest common divisor of 176 and 154.
22
Calculate the highest common divisor of 687 and 458.
229
Calculate the highest common factor of 154 and 264.
22
Calculate the greatest common divisor of 6 and 426.
6
Calculate the greatest common divisor of 912 and 3078.
114
What is the greatest common divisor of 70 and 308?
14
What is the highest common divisor of 68 and 170?
34
What is the greatest common factor of 36 and 909?
9
What is the highest common divisor of 9 and 27?
9
Calculate the highest common divisor of 4329 and 18.
9
What is the greatest common divisor of 504 and 2376?
72
What is the highest common divisor of 4917 and 99?
33
What is the highest common factor of 216 and 27?
27
Calculate the greatest common divisor of 65 and 65.
65
Calculate the highest common factor of 1147 and 2960.
37
What is the greatest common factor of 2028 and 12?
12
Calculate the greatest common divisor of 81 and 30.
3
Calculate the highest common divisor of 98 and 21.
7
Calculate the greatest common divisor of 198 and 297.
99
What is the greatest common factor of 672 and 21?
21
Calculate the highest common divisor of 504 and 1288.
56
Calculate the greatest common factor of 1079 and 13.
13
Calculate the greatest common factor of 568 and 8.
8
What is the greatest common divisor of 270 and 378?
54
What is the greatest common divisor of 28 and 5012?
28
Calculate the highest common divisor of 40 and 90.
10
Calculate the highest common factor of 40 and 18.
2
Calculate the greatest common divisor of 13 and 299.
13
Calculate the greatest common factor of 209 and 95.
19
Calculate the highest common divisor of 1177 and 11.
11
Calculate the greatest common factor of 2110 and 10.
10
Calculate the greatest common factor of 41 and 123.
41
Calculate the greatest common divisor of 217 and 7.
7
Calculate the highest common factor of 8 and 828.
4
Calculate the greatest common factor of 2376 and 704.
88
What is the greatest common divisor of 4171 and 172?
43
Calculate the highest common divisor of 336 and 128.
16
Calculate the highest common divisor of 38 and 14.
2
Calculate the highest common factor of 23 and 621.
23
Calculate the greatest common factor of 4 and 196.
4
Calculate the greatest common divisor of 8 and 9392.
8
Calculate the greatest common divisor of 24 and 108.
12
Calculate the highest common factor of 616 and 3773.
77
Calculate the highest common divisor of 9 and 20133.
9
Calculate the highest common factor of 36 and 444.
12
What is the highest common divisor of 544 and 4832?
32
Calculate the highest common divisor of 700 and 3020.
20
Calculate the highest common factor of 296 and 24.
8
Calculate the greatest common divisor of 5976 and 415.
83
Calculate the highest common divisor of 11542 and 597.
199
Calculate the greatest common factor of 2 and 29.
1
Calculate the highest common factor of 11247 and 652.
163
Calculate the highest common divisor of 137142 and 342.
342
What is the highest common factor of 60 and 20?
20
What is the highest common divisor of 484 and 8?
4
Calculate the greatest common divisor of 134 and 737.
67
Calculate the highest common divisor of 1232 and 56.
56
Calculate the highest common divisor of 13 and 2418.
13
Calculate the greatest common divisor of 42 and 24934.
14
Calculate the highest common divisor of 2 and 2020.
2
Calculate the highest common divisor of 280 and 112.
56
What is the greatest common factor of 51 and 476?
17
Calculate the greatest common divisor of 36 and 20862.
18
Calculate the highest common divisor of 80 and 505.
5
Calculate the greatest common divisor of 117 and 1053.
117
Calculate the highest common factor of 111 and 37.
37
Calculate the greatest common factor of 3591 and 18.
9
What is the highest common divisor of 240 and 528?
48
Calculate the highest common divisor of 1703 and 1965.
131
Calculate the highest common divisor of 14 and 126.
14
Calculate the greatest common factor of 132 and 297.
33
What is the highest common divisor of 33 and 858?
33
Calculate the highest common factor of 54 and 7965.
27
What is the highest common divisor of 420 and 1344?
84
What is the highest common divisor of 135 and 5?
5
What is the highest common divisor of 26 and 793?
13
Calculate the highest common factor of 483 and 6.
3
Calculate the highest common factor of 20 and 15.
5
Calculate the greatest common divisor of 7384 and 142.
142
Calculate the highest common divisor of 1690 and 10.
10
Calculate the highest common divisor of 136 and 8.
8
What is the highest common divisor of 428 and 3959?
107
Calculate the highest common factor of 6494 and 34.
34
What is the highest common divisor of 12 and 3561?
3
What is the greatest common factor of 34 and 272?
34
Calculate the highest commo